53
What are the prime factors of 129783488?
2, 73, 27779
What are the prime factors of 23088661?
23088661
What are the prime factors of 297938084?
2, 74484521
List the prime factors of 1295921379.
3, 8609, 50177
What are the prime factors of 139374986?
2, 23, 29, 104479
What are the prime factors of 166709919?
3, 983, 56531
List the prime factors of 652120047.
3, 41, 733, 2411
What are the prime factors of 380265595?
5, 6047, 12577
List the prime factors of 21377788.
2, 449, 11903
List the prime factors of 2889027443.
47, 61468669
List the prime factors of 1916872520.
2, 5, 151, 317363
List the prime factors of 628661242.
2, 11, 61, 468451
List the prime factors of 4230098.
2, 2115049
What are the prime factors of 9682528808?
2, 8537, 141773
What are the prime factors of 469777263?
3, 457, 342653
List the prime factors of 810833492.
2, 7, 28958339
List the prime factors of 39713372.
2, 59, 168277
What are the prime factors of 323667686?
2, 161833843
What are the prime factors of 137989927?
137989927
List the prime factors of 24059940.
2, 3, 5, 137, 2927
List the prime factors of 377061912.
2, 3, 41, 42577
List the prime factors of 27506549.
7, 127, 30941
List the prime factors of 69516445.
5, 79, 175991
List the prime factors of 241689188.
2, 13, 109, 42641
What are the prime factors of 303544102?
2, 29, 283, 18493
What are the prime factors of 2196416260?
2, 5, 673, 163181
What are the prime factors of 2122885?
5, 424577
List the prime factors of 653724363.
3, 47, 4636343
What are the prime factors of 62007960?
2, 3, 5, 7, 73819
List the prime factors of 14234821.
14234821
List the prime factors of 1555116023.
31, 50165033
List the prime factors of 591276973.
7, 443, 27239
What are the prime factors of 511061886?
2, 3, 19, 23, 7219
What are the prime factors of 136206640?
2, 5, 1217, 1399
List the prime factors of 5582619866.
2, 37, 75440809
What are the prime factors of 34908086?
2, 17454043
What are the prime factors of 452456841?
3, 150818947
What are the prime factors of 9124638?
2, 3, 929, 1637
What are the prime factors of 401305569?
3, 7, 19109789
List the prime factors of 27909751.
409, 68239
What are the prime factors of 77396392?
2, 281, 34429
What are the prime factors of 194113454?
2, 53, 359, 5101
List the prime factors of 2600746616.
2, 13, 317, 78887
List the prime factors of 570656330.
2, 5, 73, 781721
List the prime factors of 3615962362.
2, 1807981181
What are the prime factors of 29295540?
2, 3, 5, 54251
List the prime factors of 909182276.
2, 8627, 26347
What are the prime factors of 1117194471?
3, 19, 2177767
What are the prime factors of 153604327?
23, 41, 162889
What are the prime factors of 12551110?
2, 5, 11, 13, 67, 131
List the prime factors of 1478586763.
23, 7687, 8363
What are the prime factors of 6140483385?
3, 5, 17, 24080327
List the prime factors of 3652198577.
4637, 787621
List the prime factors of 122971410.
2, 3, 5, 1366349
What are the prime factors of 304237117?
17, 269, 66529
List the prime factors of 171484013.
171484013
List the prime factors of 3325074857.
13, 255774989
What are the prime factors of 77199422?
2, 1741, 22171
List the prime factors of 8570230816.
2, 7, 331, 115589
List the prime factors of 3286325.
5, 7, 89, 211
List the prime factors of 23028138.
2, 3, 7, 967
What are the prime factors of 44660358?
2, 3, 1009, 2459
What are the prime factors of 4278802816?
2, 33428147
List the prime factors of 49269324.
2, 3, 13, 315829
List the prime factors of 399209236.
2, 6133, 16273
List the prime factors of 49000326.
2, 3, 59, 97, 1427
What are the prime factors of 67251646?
2, 7, 11, 61, 7159
What are the prime factors of 1805814271?
619, 2917309
What are the prime factors of 27096145?
5, 107, 50647
What are the prime factors of 173939932?
2, 2099, 20717
What are the prime factors of 207177384?
2, 3, 8632391
What are the prime factors of 48578819?
67, 725057
What are the prime factors of 247392405?
3, 5, 13, 422893
What are the prime factors of 785724079?
7, 43, 2610379
What are the prime factors of 1497948724?
2, 374487181
List the prime factors of 12061660.
2, 5, 13, 23, 2017
What are the prime factors of 6424821769?
6424821769
List the prime factors of 272654862.
2, 3, 281, 161717
What are the prime factors of 6414982725?
3, 5, 17, 127, 173, 229
List the prime factors of 2476001359.
13, 19, 23, 435839
List the prime factors of 213102658.
2, 79, 991, 1361
List the prime factors of 3264674971.
29, 97, 1160567
List the prime factors of 11448759.
3, 7, 67, 79, 103
What are the prime factors of 112513869?
3, 13, 961657
List the prime factors of 1231161789.
3, 11, 13, 220757
What are the prime factors of 56688794?
2, 29, 463, 2111
What are the prime factors of 2934079630?
2, 5, 31, 43, 103, 2137
List the prime factors of 205905064.
2, 101, 254833
List the prime factors of 19013285.
5, 103, 36919
List the prime factors of 79007449.
17, 4647497
What are the prime factors of 414739383?
3, 107, 1292023
List the prime factors of 48537252.
2, 3, 449419
What are the prime factors of 309448842?
2, 3, 51574807
List the prime factors of 264160806.
2, 3, 7, 13, 483811
List the prime factors of 45984714.
2, 3, 563, 13613
What are the prime factors of 664952300?
2, 5, 521, 12763
List the prime factors of 159004762.
2, 7, 37, 127, 2417
What are the prime factors of 591399501?
3, 7, 11, 2560171
List the prime factors of 35668979.
3347, 10657
List the prime factors of 1221145298.
2, 610572649
What are the prime factors of 50976021?
3, 16992007
List the prime factors of 357030912.
2, 3, 7, 16603
List the prime factors of 25783294.
2, 12891647
List the prime factors of 6943015501.
6943015501
What are the prime factors of 20595399?
3, 11, 571, 1093
What are the prime factors of 120452428?
2, 29, 1038383
What are the prime factors of 213100149?
3, 29, 84463
What are the prime factors of 410268012?
2, 3, 7, 11, 31, 14323
What are the prime factors of 1240750485?
3, 5, 13, 2120941
List the prime factors of 142848015.
3, 5, 331, 28771
List the prime factors of 131041197.
3, 7, 89, 23371
What are the prime factors of 235977550?
2, 5, 41, 43, 2677
What are the prime factors of 131415432?
2, 3, 5475643
List the prime factors of 119670313.
7, 83, 281, 733
What are the prime factors of 2542795?
5, 508559
What are the prime factors of 127236305?
5, 7, 53, 113, 607
List the prime factors of 14765215.
5, 227, 13009
List the prime factors of 195874541.
195874541
List the prime factors of 7045756260.
2, 3, 5, 31, 3788041
What are the prime factors of 5123307771?
3, 5581, 101999
What are the prime factors of 2176451955?
3, 5, 1511, 32009
What are the prime factors of 2517506872?
2, 47, 59, 283, 401
What are the prime factors of 792908431?
7, 383, 295751
What are the prime factors of 3035661025?
5, 121426441
What are the prime factors of 1128756633?
3, 17, 22132483
List the prime factors of 100239879.
3, 59, 521, 1087
List the prime factors of 251760609.
3, 127, 73421
List the prime factors of 48477430.
2, 5, 4847743
What are the prime factors of 16625710?
2, 5, 1662571
List the prime factors of 149542362.
2, 3, 53, 17417
List the prime factors of 237610925.
5, 53, 389, 461
List the prime factors of 1133237224.
2, 7, 113, 179083
What are the prime factors of 88189608?
2, 3, 13, 17, 1279
What are the prime factors of 1633593090?
2, 3, 5, 673, 80911
List the prime factors of 83707837.
83707837
What are the prime factors of 1318993223?
43, 30674261
What are the prime factors of 289366080?
2, 3, 5, 301423
What are the prime factors of 722330?
2, 5, 7, 17, 607
List the prime factors of 1171206263.
293, 1597, 2503
What are the prime factors of 7965523785?
3, 5, 79, 6721961
List the prime factors of 877426748.
2, 11, 19941517
What are the prime factors of 912410069?
23, 39670003
List the prime factors of 457697613.
3, 17, 211, 42533
List the prime factors of 3577022373.
3, 47, 2273, 11161
List the prime factors of 34204256.
2, 19, 101, 557
List the prime factors of 386152678.
2, 31, 41, 151909
What are the prime factors of 76156632?
2, 3, 79, 4463
List the prime factors of 39538806.
2, 3, 1861, 3541
What are the prime factors of 2161961229?
3, 2927, 246209
What are the prime factors of 2597487209?
37, 1897361
What are the prime facto